MONTHLY CLIMATOLOGICAL SUMMARY for MAY. 2018

NAME: Hrisohorafa   CITY: Serres STATE: Central Macedonia
ELEV: 33 LAT: 41.179227 LONG: 23.233144

                            TEMPERATURE ( C), RAIN (mm), WIND SPEED (kmh)

                                                 HEAT     COOL           AVG
      MEAN                                       DEG      DEG            WIND                        DOM
DAY   TEMP    HIGH   TIME      LOW     TIME      DAYS     DAYS   RAIN    SPEED    HIGH    TIME       DIR
----------------------------------------------------------------------------------------------------------------------------------------------------------
08    21.1    25.4   13:01    00.0   06:01     00.0     02.8    15.0   01.4     18.5    15:57     NNW
09    20.3    26.8   14:32    14.2   06:42     00.0     02.0    00.0   00.5     29.6    13:25      SW
10    18.9    25.9   13:47    14.9   23:54     00.0     00.6    15.0   00.6     22.2    15:24     SSE
11    19.3    25.6   18:30    14.4   01:19     00.0     01.0    00.0   00.4     14.8    15:07     NNE
12    19.6    27.2   17:40    12.8   06:51     00.0     01.3    00.0   01.3     22.2    19:00     SSE
13    18.7    25.9   16:06    16.2   07:02     00.0     00.4    13.4   00.7     18.5    16:42      SE
14    19.1    26.1   16:48    13.4   06:29     00.0     00.8    00.5   00.6     22.2    18:36     WNW
15    20.8    25.9   13:54    14.9   06:21     00.0     02.5    00.0   01.0     16.6    22:32     SSE
16    22.8    29.4   18:30    16.4   06:43     00.0     04.5    01.0   00.6     24.1    21:54      N 
17    22.5    29.4   16:10    15.9   06:58     00.0     04.2    00.0   00.4     12.9    15:35     NNE
18    21.4    30.0   15:30    14.9   06:42     00.0     03.1    01.5   00.9     29.6    17:29      E 
19    19.6    25.9   18:24    15.8   09:39     00.0     01.3    22.2   00.2     22.2    02:14      E 
20    21.7    28.8   17:19    14.9   06:04     00.0     03.4    00.0   00.2     18.5    19:48      S 
21    20.5    23.7   14:31    16.9   01:21     00.0     02.2    14.1   00.2     07.4    17:11      NW
22    21.8    28.8   17:52    16.3   04:55     00.0     03.5    00.0   00.4     16.6    18:40      SE
----------------------------------------------------------------------------------------------------------------------------------------------------------
20.5 (20.6)   30.0  day 18     00.0  day 08   000.0    033.6   106.4   00.6     29.6   day 18     ESE
Max >=  30: 1
Min <=   0: 1
Max Rain: 22.2 ON 19-05-18
Days of Rain: 8 (> .2mm) 5 (> 2mm) 1 (> 20mm)