MONTHLY CLIMATOLOGICAL SUMMARY for FEB. 2018

NAME: Hrisohorafa   CITY: Serres STATE: Central Macedonia
ELEV: 33 LAT: 41.179227 LONG: 23.233144

                            TEMPERATURE ( C), RAIN (mm), WIND SPEED (kmh)

                                                 HEAT     COOL           AVG
      MEAN                                       DEG      DEG            WIND                        DOM
DAY   TEMP    HIGH   TIME      LOW     TIME      DAYS     DAYS   RAIN    SPEED    HIGH    TIME       DIR
----------------------------------------------------------------------------------------------------------------------------------------------------------
01    06.5    14.1   15:43    01.4   01:13     11.8     00.0    00.0   00.2     09.3    14:57      SW
02    07.9    12.6   16:24    04.2   08:17     10.4     00.0    03.6   00.0     05.5    16:09      N 
03    10.7    14.7   16:34    06.8   02:41     07.6     00.0    00.5   01.8     27.8    18:26      S 
04    11.4    15.6   16:30    05.8   00:00     06.9     00.0    04.6   01.0     22.2    17:52      N 
05    06.9    14.0   14:57    01.2   08:00     11.4     00.0    00.0   00.2     11.1    19:11      SE
06    07.2    10.1   15:19    04.3   04:39     11.1     00.0    00.5   00.1     11.1    23:22      E 
07    08.1    11.9   13:11    03.9   08:47     10.2     00.0    00.0   01.3     18.5    14:59      SE
08    09.7    17.4   15:38    03.5   08:02     08.6     00.0    06.2   00.5     24.1    01:30     NNE
09    08.6    17.3   15:41    02.8   08:21     09.7     00.0    00.0   00.5     14.8    15:49      E 
10    06.7    08.5   16:55    04.3   05:47     11.6     00.0    13.4   01.4     20.4    22:14     ENE
11    06.1    07.6   00:01    05.3   10:12     12.2     00.0    13.3   01.0     16.6    06:08     NNE
12    06.7    11.0   16:33    03.4   07:54     11.6     00.0    00.0   00.3     11.1    12:52      E 
13    05.0    07.6   14:09    00.9   04:42     13.3     00.0    03.6   00.2     09.3    22:38     ENE
14    08.9    13.6   14:45    03.9   22:37     09.4     00.0    04.1   02.9     29.6    12:40      NW
15    05.2    09.8   13:39    00.3   07:02     13.1     00.0    00.0   03.5     31.4    23:28      NE
16    07.4    13.9   16:01    02.5   00:00     10.9     00.0    00.0   01.6     22.2    00:17     NNE
17    07.0    14.3   15:16    00.1   05:56     11.3     00.0    00.0   01.8     14.8    20:30     SSE
18    08.0    10.4   14:07    06.1   08:22     10.3     00.0    00.0   00.1     05.5    16:16     ESE
19    08.6    11.6   13:04    06.1   07:27     09.7     00.0    00.0   00.8     18.5    19:38     ESE
20    08.3    11.9   15:42    05.8   06:30     10.0     00.0    00.0   02.7     25.9    16:44     SSE
21    08.2    10.5   14:47    05.9   07:19     10.1     00.0    00.5   01.9     20.4    11:23     SSE
22    08.3    10.5   15:21    07.1   08:00     10.0     00.0    04.6   00.3     09.3    15:10     ENE
23    09.5    12.4   14:24    06.8   07:12     08.8     00.0    00.0   01.0     12.9    12:28      E 
----------------------------------------------------------------------------------------------------------------------------------------------------------
07.9 (8.1)   17.4  day 08     00.1  day 17   240.1    000.0   054.9   01.1     31.5   day 03      E 
Max Rain: 13.4 ON 10-02-18
Days of Rain: 11 (> .2mm) 8 (> 2mm) 0 (> 20mm)