MONTHLY CLIMATOLOGICAL SUMMARY for JAN. 2018

NAME: Hrisohorafa   CITY: Serres STATE: Central Macedonia
ELEV: 33 LAT: 41.179227 LONG: 23.233144

                            TEMPERATURE ( C), RAIN (mm), WIND SPEED (kmh)

                                                 HEAT     COOL           AVG
      MEAN                                       DEG      DEG            WIND                        DOM
DAY   TEMP    HIGH   TIME      LOW     TIME      DAYS     DAYS   RAIN    SPEED    HIGH    TIME       DIR
----------------------------------------------------------------------------------------------------------------------------------------------------------
01    04.1    12.6   15:37   -01.4   07:29     14.2     00.0    00.0   00.0     05.5    05:44     NNE
02    06.4    14.9   14:55    00.3   05:58     11.9     00.0    01.5   00.4     11.1    12:03      N 
03    07.3    13.8   14:12    00.9   00:00     11.0     00.0    00.0   01.8     20.4    14:25      E 
04    05.8    11.4   13:24    00.9   00:04     12.5     00.0    00.0   01.1     27.8    13:52     ENE
05    04.3    12.2   14:45   -00.4   05:36     14.0     00.0    00.0   00.2     12.9    10:32     NNW
06    03.8    12.4   15:30   -01.6   06:23     14.5     00.0    00.0   00.1     07.4    15:12     WNW
07    04.4    12.9   14:20   -01.4   07:42     13.9     00.0    00.0   00.1     07.4    14:46     ENE
08    04.4    10.1   14:27    00.3   08:26     13.9     00.0    00.0   00.1     07.4    12:00     WNW
09    04.1    08.4   15:19    00.3   08:39     14.2     00.0    00.0   00.0     07.4    11:17      N 
10    06.9    09.6   15:04    04.9   06:45     11.4     00.0    00.0   00.1     09.3    10:43     WNW
11    07.8    12.9   14:57    05.2   00:00     10.5     00.0    01.0   00.1     09.3    11:37     NNW
12    07.3    10.6   16:18    04.6   02:38     11.0     00.0    00.5   00.1     07.4    23:56      N 
13    06.8    09.1   11:37    03.9   07:49     11.5     00.0    00.0   00.4     09.3    21:38     NNW
14    05.4    06.7   01:21    04.1   00:00     12.9     00.0    00.0   01.4     16.6    07:37      SE
15    01.9    04.1   00:31    01.0   07:06     16.4     00.0    08.1   00.6     16.6    00:59     ESE
16    04.7    09.3   13:30    02.1   23:57     13.6     00.0    02.0   00.2     09.3    10:55      N 
17    03.3    06.9   23:34   -00.4   08:06     15.0     00.0    04.6   00.3     24.1    23:38      E 
21    05.9    09.0   12:15    03.6   12:23     12.4     00.0    10.2   08.1     72.2    10:49     NNW
22    05.6    10.5   13:21    00.9   23:27     12.7     00.0    09.8   03.8     38.9    14:47      E 
23    03.4    09.3   14:48   -01.9   06:09     14.9     00.0    00.0   00.7     18.5    14:36      NE
24    03.3    08.2   15:45   -01.1   00:00     15.0     00.0    00.0   00.7     18.5    19:41      N 
25    00.8    07.0   15:14   -03.6   06:15     17.5     00.0    00.0   00.1     07.4    13:02     SSE
26   -01.1    05.9   12:10   -04.2   07:55     19.4     00.0    00.0   00.0     05.5    10:31      E 
27    01.7    09.9   16:03   -03.2   07:59     16.6     00.0    00.0   00.1     07.4    14:01      SE
28    02.6    11.4   15:54   -02.7   07:10     15.7     00.0    00.0   00.0     05.5    14:03     ESE
29    05.2    15.4   15:56   -01.7   06:12     13.1     00.0    00.0   00.3     14.8    19:22     NNW
30    06.1    15.9   16:20   -01.1   08:07     12.2     00.0    00.0   00.3     16.6    22:36     WNW
31    07.0    15.4   15:35   -00.2   08:02     11.3     00.0    00.0   00.0     00.0    23:54     SSW
----------------------------------------------------------------------------------------------------------------------------------------------------------
04.6 (5.4)   15.9  day 30    -04.2  day 26   383.1    000.0   037.8   00.8     72.2   day 18     NNE
Min <=   0: 14
Max Rain: 10.2 ON 21-01-18
Days of Rain: 8 (> .2mm) 5 (> 2mm) 0 (> 20mm)